 - 4*k - 170, -5*k = -2*q + 74. What is the tens digit of q?
3
Suppose a - 47594 = -4*c, -10*a + 23806 = 2*c - 11*a. What is the hundreds digit of c?
9
Suppose -2*x = -5*k + 4, -k - 5*x + 14 = -x. Suppose 5*a = -3*y + 20, -k*a + 26 = 5*y - a. Suppose 0 = -y*q + 91 + 69. What is the units digit of q?
2
Let z = -63022 + 109702. What is the ten thousands digit of z?
4
Let q(x) = 444*x**2 - 159*x - 1. What is the tens digit of q(7)?
4
Suppose 4*m - 30 = -6*m. Suppose a - 4*c = 686, m*c = c. What is the tens digit of a?
8
Suppose -72 = -5*z - 22. Let h(y) = 87*y - 203. What is the tens digit of h(z)?
6
Suppose 11*a - 16*a + 35 = 0. Suppose 0 = a*j - 71 - 552. What is the units digit of (-2 + 5 - j)/(-2)?
3
Let x(o) = -2*o**2 + 14*o - 7. Let h be x(6). What is the hundreds digit of (4/h)/((-64)/(-15520))?
1
Suppose -521*u + 101*u = -22062600. What is the tens digit of u?
3
Let q(t) be the third derivative of t**6/120 + 4*t**5/15 - 5*t**4/12 - 9*t**3/2 + 3*t**2. Let g = -139 - -123. What is the tens digit of q(g)?
3
Suppose -37*w - 20*w + 1758864 - 125985 = 0. What is the units digit of w?
7
Suppose 267*o + 170*o - 15898497 = 0. What is the hundreds digit of o?
3
Let h(j) be the third derivative of -31*j**4/24 - 22*j**3/3 + 2*j**2 + 37*j. What is the units digit of h(-4)?
0
Suppose -p = 2*a - 2967 - 2727, 0 = 3*p - 3*a - 17046. What is the units digit of p?
6
Suppose -5*d - 60 = d. Let s = -36 + d. Let x = s - -101. What is the tens digit of x?
5
Suppose -2109*j = -2107*j - 5*f - 42412, -3*f - 12 = 0. What is the ten thousands digit of j?
2
Suppose -3*q - 396 + 1869 = 0. Let k = -427 + q. What is the tens digit of k?
6
Let i(m) be the first derivative of -m**4 - m**3/3 + 7*m**2/2 + 15*m + 73. What is the hundreds digit of i(-4)?
2
Let y(v) = -38*v**3 - 42*v**2 - 139*v - 34. What is the thousands digit of y(-6)?
7
Let p(s) = -58*s**2 + 47*s + 9. Let v be p(8). Let w = 4864 + v. What is the units digit of w?
7
Let w be 28/2 - -7*4/(-28). Let d = -13 + w. Suppose d = m + 3*m - 688. What is the tens digit of m?
7
Suppose 11316 = -333*j + 321*j. What is the tens digit of (-12)/(-54) + j/(-9)?
0
Let i = 484 - -120. Let m = i + 92. What is the units digit of m?
6
Let j(k) = k**3 - 6*k**2 - 11*k + 6. Let i be j(8). Let q = i + -24. Suppose 0 = c + z - q, z = 5*c - 104. What is the tens digit of c?
2
Let v = 399 - 394. Suppose -487 = -q + 4*y, -q = -4*q - v*y + 1546. What is the tens digit of q?
0
Let g = 179 - 105. Let v = g + -71. Suppose m + r - 194 = 0, v*r + 398 = 2*m - 0*r. What is the hundreds digit of m?
1
What is the units digit of 5 + -2 + 110/(7/(-5054)*-4)?
8
Suppose 0 = 2*i - 4. Suppose 0*t + t + 2*p - i = 0, 3*t + p = -14. Let y(l) = 6*l**2 + 3*l - 13. What is the units digit of y(t)?
5
Let u(d) = -d**2 + d + 33. Suppose -6*y + 11 = 47. Let z be u(y). Let b(c) = -11*c - 19. What is the units digit of b(z)?
0
Let s(b) = -69*b**3 + 63*b**2 - 11*b - 121. What is the ten thousands digit of s(-7)?
2
Let m(o) = -o**3 + 51*o**2 + 49*o - 544. What is the hundreds digit of m(24)?
1
Suppose 0 = 18*m - 444555 - 379665. What is the hundreds digit of m?
7
Let g(s) = -613*s**2 - 6*s - 5. Let d(z) = 1227*z**2 + 11*z + 9. Let o(p) = 3*d(p) + 5*g(p). What is the hundreds digit of o(-1)?
6
Suppose 4*y = l + 15, -5 = 4*l - 8*y + 3*y. What is the tens digit of ((-1616)/(-40) - -13) + 3/l?
5
Let x(d) = 8*d**3 - 6*d**2 + 39*d + 12. What is the hundreds digit of x(9)?
7
Let j be 1/(-2)*(-16)/2. Suppose 13*q - 947 = 600. Suppose -j*o + q = -45. What is the units digit of o?
1
Suppose l = -24 + 27. Let h = l + -1. Suppose -5*j - 3*z = -115, 4*j - h*z = 50 + 20. What is the units digit of j?
0
Let u be (-12)/10*5895/18. Let b = u - -834. What is the units digit of b?
1
Suppose -3*p + 1180 = p - 2*c, -p + 286 = 4*c. Let g(m) = -m**3 - 10*m**2 + 29*m + 195. Let t be g(-7). Let i = t + p. What is the units digit of i?
9
Let n = -4678 + 16205. What is the units digit of n?
7
What is the hundreds digit of (2/((-48)/(-18)))/((-6)/(-55408))?
9
Let j be 924 - -3*8/(-3). Let h = j - -215. What is the units digit of h?
1
Let c(z) = 14*z**3 + z**2 - z. Let u be c(-1). What is the units digit of 20/(-30)*2*3231/u?
9
Let h(j) = -64*j - 193. Let w be h(-17). Let p = -237 + w. What is the tens digit of p?
5
Suppose s - 10 + 17 = 0. What is the tens digit of (-957)/s + -1*4/(-14)?
3
Let o(w) = 46*w**2 - 115*w + 121. What is the thousands digit of o(16)?
0
Let h = 295 - 400. Let m = h + 723. What is the hundreds digit of m?
6
Suppose 0 = 113*v - 192*v + 259120. What is the thousands digit of v?
3
Let b(z) = -66*z - 4. Let a(k) = 67*k + 4. Let n(j) = -4*a(j) - 3*b(j). Let s be n(-4). Suppose 0*u - 3*u = -s. What is the units digit of u?
2
Let b(p) = p**3 + 9*p**2 - p + 4. Suppose -6*z = 5*z + 55. Let j be b(z). Let l = 189 - j. What is the tens digit of l?
8
Suppose -4*j + 41249 = 5*t, 2*j - 5269 = -3*t + 15356. What is the tens digit of j?
1
Let c = -76 + 145. Let q = 83 - c. Suppose 519 = q*b - 783. What is the units digit of b?
3
Let b = -3155 - -6686. What is the tens digit of b?
3
Let g = -28 + 31. Let z = -238 + 448. Suppose -4*h + 180 = 3*d - h, -g*h - z = -3*d. What is the units digit of d?
5
Suppose -5*q + 5*t = -201240, 1124*t = -5*q + 1126*t + 201219. What is the tens digit of q?
4
Suppose 19*c - 631928 = -185105. What is the thousands digit of c?
3
Let u be (1 - -4)/5*0. Suppose u = 5*x + 3*z + z + 25, 5*x + 2*z = -15. What is the tens digit of -16*34*x/8?
6
Let a(x) = 12 + 12 - 2 + 6*x. Let u be a(6). Suppose 3*b - 362 = u. What is the units digit of b?
0
What is the hundreds digit of 407 + (22 - 5 - 8)?
4
Let n be 189/39 - (24/13 + -2). Suppose 4*b = n*m - 27, 4*b + 2 + 16 = 2*m. Suppose -m*y + 2*y + 112 = 0. What is the units digit of y?
2
Let r(f) = -736*f + 19. Let w(h) = -3*h**3 - 39*h**2 - 2*h - 27. Let g be w(-13). What is the tens digit of r(g)?
5
Let m(h) = -202*h + 1702. What is the thousands digit of m(-18)?
5
Let i = -174 + 537. Let t = i + 322. What is the hundreds digit of t?
6
Let y(l) be the second derivative of -29/6*l**3 - 3*l**2 + l + 0 + 7/12*l**4. What is the units digit of y(7)?
4
Let x(u) = -17 - u**2 - 17*u**2 - 953*u + 461*u + 478*u + u**3. What is the hundreds digit of x(20)?
5
Let o = 1917 + -370. Suppose -17*f = -10*f - o. What is the hundreds digit of f?
2
Let z(o) = -4*o**3 + 20*o**2 + 158*o - 10. What is the tens digit of z(-7)?
3
Let g(k) = 17*k - 41. Let o be g(6). What is the tens digit of o*8 - (0/(-6))/6?
8
Let h(n) = n**3 - 10*n**2 - 12*n + 15. Let t be h(11). What is the tens digit of 1266/t - ((-15)/(-6) + -2)?
1
Suppose -133 = -5*q - 3*v + 22, 0 = 3*q - 2*v - 93. Suppose -24*p + q*p - 63 = 0. What is the tens digit of (((-24)/p)/2)/(5/(-150))?
4
Let q(h) = -h + 24. Let n be q(6). Suppose -13*c + n*c - 1890 = 0. What is the hundreds digit of c?
3
Let y(c) = -7*c + 48. Suppose -o + 5 = -3. Let w be y(o). What is the units digit of ((-5)/(15/94))/(w/12)?
7
Let h(m) = 1357*m - 774. What is the thousands digit of h(5)?
6
Let w(o) = 6*o + 5*o - 1 + 44*o**2 + 2. Let f = 7407 - 7409. What is the tens digit of w(f)?
5
Suppose -11 = 2*o - 15. Suppose -3*j - o*r = 2*j - 1092, 1112 = 5*j - 3*r. Suppose -8*b + j = -276. What is the units digit of b?
2
Let f(s) = s**2 - 12*s + 29. Let y be f(9). Let j(q) = -y*q**3 + 0*q + 4*q - 14 + 17 - q**2. What is the hundreds digit of j(-5)?
2
Let t(m) = 1363*m**2 + 214*m + 1434. What is the thousands digit of t(-7)?
6
Let k = -178 - -192. What is the units digit of (-77188)/(-322) + 4/k?
0
Let t(v) = 4 - v + 15*v**2 + 0 + 16*v**2. What is the hundreds digit of t(-3)?
2
Let m = 1881 - -5192. Suppose x - 5654 = -4*z, -3*z = 2*z + 4*x - m. What is the tens digit of z?
1
Suppose -c = 2*z - 15, -3*z - c + 6*c = -42. Suppose z*o = 6005 + 8251. Suppose -o = -17*b + 9*b. What is the units digit of b?
8
Let s(y) = 83*y**2 + 4*y - 3. Let x be s(-4). Suppose -10*j - x + 8229 = 0. What is the units digit of j?
2
Let p = 20326 + -13018. What is the units digit of p?
8
Let g = -123 - -45. Let i = g - -80. Suppose i*r = 3*r - 114. What is the tens digit of r?
1
Let o = 379 - 169. Suppose 0 = 15*x - 13*x - o. Suppose 8*b - 449 = -x. What is the tens digit of b?
4
Let b be (1 + 3/6)/((-2)/(-248)). Let u = 257 - b. What is 